{"id":32,"date":"2012-04-15T02:26:40","date_gmt":"2012-04-15T02:26:40","guid":{"rendered":"http:\/\/www.anchorageco.com\/?page_id=32"},"modified":"2018-06-06T09:35:27","modified_gmt":"2018-06-06T08:35:27","slug":"notre-philosophie","status":"publish","type":"page","link":"https:\/\/www.anchorageco.com\/?page_id=32","title":{"rendered":"Notre philosophie"},"content":{"rendered":"<h2>Notre philosophie &#8211; Nos valeurs<\/h2>\n<p>&nbsp;<\/p>\n<h3><a href=\"http:\/\/s500801294.onlinehome.fr\/wp-content\/uploads\/2012\/04\/philosophie.jpg\"><img decoding=\"async\" loading=\"lazy\" class=\"alignright size-full wp-image-341\" title=\"philosophie\" src=\"http:\/\/s500801294.onlinehome.fr\/wp-content\/uploads\/2012\/04\/philosophie.jpg\" alt=\"\" width=\"150\" height=\"86\" \/><\/a>La Personne<\/h3>\n<p>\u2022 Acteur unique et responsable de ses objectifs<\/p>\n<p>\u2022 Au c\u0153ur du d\u00e9veloppement du syst\u00e8me<\/p>\n<p>&nbsp;<\/p>\n<h3>L\u2019Organisation<\/h3>\n<p>\u2022 Cadre de projets, d\u2019actions, de relations et de r\u00e9sultats<\/p>\n<p>\u2022 Co-Responsable du d\u00e9veloppement des personnes<\/p>\n<p>&nbsp;<\/p>\n<h3>L&rsquo;Individu et l&rsquo;Entreprise, ensemble porteurs de sens<\/h3>\n<p>\u2022 Un lien et une autonomie mutuellement b\u00e9n\u00e9fiques<\/p>\n<p>\u2022 Des visions partag\u00e9es &amp; co-\u00e9labor\u00e9es<\/p>\n<p>\u2022 Au profit de la mise en \u0153uvre d\u2019une intelligence collective<\/p>\n<p>&nbsp;<\/p>\n","protected":false},"excerpt":{"rendered":"<p>Notre philosophie &#8211; Nos valeurs &nbsp; La Personne \u2022 Acteur unique et responsable de ses objectifs \u2022 Au c\u0153ur du d\u00e9veloppement du syst\u00e8me &nbsp; L\u2019Organisation \u2022 Cadre de projets, d\u2019actions, de relations et de r\u00e9sultats \u2022 Co-Responsable du d\u00e9veloppement des personnes &nbsp; L&rsquo;Individu et l&rsquo;Entreprise, ensemble porteurs de sens \u2022 Un lien et une autonomie [&hellip;]<\/p>\n","protected":false},"author":1,"featured_media":0,"parent":320,"menu_order":0,"comment_status":"closed","ping_status":"closed","template":"","meta":[],"_links":{"self":[{"href":"https:\/\/www.anchorageco.com\/index.php?rest_route=\/wp\/v2\/pages\/32"}],"collection":[{"href":"https:\/\/www.anchorageco.com\/index.php?rest_route=\/wp\/v2\/pages"}],"about":[{"href":"https:\/\/www.anchorageco.com\/index.php?rest_route=\/wp\/v2\/types\/page"}],"author":[{"embeddable":true,"href":"https:\/\/www.anchorageco.com\/index.php?rest_route=\/wp\/v2\/users\/1"}],"replies":[{"embeddable":true,"href":"https:\/\/www.anchorageco.com\/index.php?rest_route=%2Fwp%2Fv2%2Fcomments&post=32"}],"version-history":[{"count":1,"href":"https:\/\/www.anchorageco.com\/index.php?rest_route=\/wp\/v2\/pages\/32\/revisions"}],"predecessor-version":[{"id":480,"href":"https:\/\/www.anchorageco.com\/index.php?rest_route=\/wp\/v2\/pages\/32\/revisions\/480"}],"up":[{"embeddable":true,"href":"https:\/\/www.anchorageco.com\/index.php?rest_route=\/wp\/v2\/pages\/320"}],"wp:attachment":[{"href":"https:\/\/www.anchorageco.com\/index.php?rest_route=%2Fwp%2Fv2%2Fmedia&parent=32"}],"curies":[{"name":"wp","href":"https:\/\/api.w.org\/{rel}","templated":true}]}}