{"id":320,"date":"2012-04-14T17:10:42","date_gmt":"2012-04-14T17:10:42","guid":{"rendered":"http:\/\/www.anchorageco.com\/?page_id=4"},"modified":"2021-04-16T10:23:59","modified_gmt":"2021-04-16T09:23:59","slug":"qui-sommes-nous","status":"publish","type":"page","link":"https:\/\/www.anchorageco.com\/?page_id=320","title":{"rendered":"Qui sommes-nous ?"},"content":{"rendered":"<table style=\"width: 100%;\" border=\"0\" cellspacing=\"0\" cellpadding=\"0\">\n<tbody>\n<tr>\n<td colspan=\"2\">\n<h2>Vocation<\/h2>\n<\/td>\n<\/tr>\n<tr>\n<td style=\"text-align: justify;\" colspan=\"2\"><strong>ANCHORAGE &amp; Co. est un Cabinet d&rsquo;Accompagnement Professionnel en Conduite du Changement,\u00a0dont les Coachs accompagnent la croissance des personnes et des \u00e9quipes dans leurs entreprises.<\/strong><\/td>\n<\/tr>\n<tr>\n<td><\/td>\n<td><\/td>\n<\/tr>\n<tr>\n<td colspan=\"2\">\n<h2>Ambition<\/h2>\n<\/td>\n<\/tr>\n<tr>\n<td><img decoding=\"async\" loading=\"lazy\" class=\"alignleft\" title=\"ambition\" src=\"http:\/\/s500801294.onlinehome.fr\/wp-content\/uploads\/2012\/04\/ambition.jpg\" alt=\"\" width=\"50\" height=\"110\" \/><\/td>\n<td style=\"text-align: justify;\">Devant l&rsquo;accroissement des besoins rencontr\u00e9s et des demandes exprim\u00e9es depuis bient\u00f4t 20 ans, signes d&rsquo;un fort potentiel et d&rsquo;une grande vitalit\u00e9 \u00e9conomiques, l&rsquo;ambition que nous formulons est que notre \u00e9quipe continue \u00e0 servir au mieux les int\u00e9r\u00eats des clients et entreprises de plus en plus nombreux qui nous accordent leur confiance, en poursuivant sa propre croissance dans les 20 prochaines ann\u00e9es&#8230;<\/td>\n<\/tr>\n<tr>\n<td colspan=\"2\">\n<h2>Valeurs<\/h2>\n<\/td>\n<\/tr>\n<tr>\n<td>\u00a0<img decoding=\"async\" loading=\"lazy\" class=\"alignleft size-full wp-image-316\" title=\"valeurs\" src=\"http:\/\/s500801294.onlinehome.fr\/wp-content\/uploads\/2012\/04\/valeurs.jpg\" alt=\"\" width=\"50\" height=\"124\" \/><\/td>\n<td style=\"text-align: justify;\">Notre plus grande fiert\u00e9 est de constater, la plupart du temps, que les personnes et\/ou \u00e9quipes accompagn\u00e9es ont non seulement r\u00e9alis\u00e9, voire d\u00e9pass\u00e9, les challenges avec lesquels elles \u00e9taient arriv\u00e9s, mais aussi d\u00e9velopp\u00e9 leur responsabilit\u00e9, leur autonomie et acquis plus de s\u00e9r\u00e9nit\u00e9 dans leur travail, pour un sens souvent re-d\u00e9couvert&#8230; En respect d&rsquo;elles-m\u00eames, de leurs interlocuteurs, et en lien avec leurs entreprises&#8230;<\/td>\n<\/tr>\n<tr>\n<td colspan=\"2\">\n<h2>Principes d&rsquo;action<\/h2>\n<\/td>\n<\/tr>\n<tr>\n<td>\u00a0<img decoding=\"async\" loading=\"lazy\" class=\"alignleft size-full wp-image-317\" title=\"action\" src=\"http:\/\/s500801294.onlinehome.fr\/wp-content\/uploads\/2012\/04\/action.jpg\" alt=\"\" width=\"50\" height=\"120\" \/><\/td>\n<td style=\"text-align: justify;\">Disponibilit\u00e9, r\u00e9activit\u00e9, proximit\u00e9, confidentialit\u00e9, sur-mesure, simplicit\u00e9 et efficacit\u00e9 gouvernent nos actions envers nos clients. Il s&rsquo;agit de cr\u00e9er les conditions d&rsquo;une v\u00e9ritable alliance, qui se construira progressivement par le dialogue au travers d&rsquo;op\u00e9rations-pilotes. Pour cela, nous envisageons ensemble les situations, leurs enjeux et objectifs particuliers, et co-\u00e9laborons pas-\u00e0-pas la d\u00e9marche, les indicateurs et les outils n\u00e9cessaires pour atteindre, voire d\u00e9passer, les r\u00e9sultats escompt\u00e9s.<\/td>\n<\/tr>\n<tr>\n<td colspan=\"2\">\n<h2>Priorit\u00e9s strat\u00e9giques<\/h2>\n<\/td>\n<\/tr>\n<tr>\n<td><img decoding=\"async\" loading=\"lazy\" class=\"alignleft size-full wp-image-318\" title=\"strategie\" src=\"http:\/\/s500801294.onlinehome.fr\/wp-content\/uploads\/2012\/04\/strategie.jpg\" alt=\"\" width=\"50\" height=\"103\" \/><\/td>\n<td>Elles nous orientent vers trois grands domaines d&rsquo;interventions :<\/p>\n<ul>\n<li style=\"text-align: justify;\">L&rsquo;accompagnement en Evolution Professionnelle, interne ou externe aux entreprises ;<\/li>\n<li style=\"text-align: justify;\">Le Coaching individuel et d&rsquo;\u00e9quipe, aupr\u00e8s de Dirigeants, Managers et Cadres ;<\/li>\n<li style=\"text-align: justify;\">L&rsquo;accompagnement RH au d\u00e9veloppement du LEADERSHIP &amp; de\u00a0la RESPONSABILITE\u00a0MANAG\u00c9RIALE.<\/li>\n<\/ul>\n<\/td>\n<\/tr>\n<tr>\n<td colspan=\"2\">\n<h2>Actions<\/h2>\n<\/td>\n<\/tr>\n<tr>\n<td colspan=\"2\">Les priorit\u00e9s strat\u00e9giques se d\u00e9clinent, concr\u00e8tement, en :<\/p>\n<ul>\n<li>Bilans d&rsquo;Evolution ou d&rsquo;Orientation de Carri\u00e8re ;<\/li>\n<li>Coachings individuels (crise, d\u00e9veloppement, performance, soutien) ;<\/li>\n<li>Coachings d&rsquo;\u00e9quipe (coh\u00e9sion, coop\u00e9ration, performance, vision strat\u00e9gique&#8230;) ;<\/li>\n<li>Co-D\u00e9veloppement (Ateliers collectifs de d\u00e9veloppement manag\u00e9rial, en mode coaching) ;<\/li>\n<li>Parfois, la combinaison de d\u00e9marches individuelles et collectives ;<\/li>\n<li>Outplacements individuels, illimit\u00e9s ou sur-mesure.<\/li>\n<\/ul>\n<div style=\"text-align: justify;\">Toutes les actions entreprises par l&rsquo;\u00e9quipe, \u00e0 dimension humaine, des Coachs du Cabinet ANCHORAGE &amp; Co. contribuent au d\u00e9veloppement professionnel,\u00a0manag\u00e9rial et du leadership (responsabilit\u00e9, autonomie) des personnes accompagn\u00e9es, en agissant dans le cadre d&rsquo;\u00e9changes et d&rsquo;entretiens bas\u00e9s sur des mises en situations issues de leur v\u00e9cu au travail.<\/div>\n<div><img decoding=\"async\" loading=\"lazy\" class=\"aligncenter size-full wp-image-319\" title=\"plansactions\" src=\"http:\/\/s500801294.onlinehome.fr\/wp-content\/uploads\/2012\/04\/plansactions1.jpg\" alt=\"\" width=\"530\" height=\"198\" srcset=\"https:\/\/www.anchorageco.com\/wp-content\/uploads\/2012\/04\/plansactions1.jpg 530w, https:\/\/www.anchorageco.com\/wp-content\/uploads\/2012\/04\/plansactions1-300x112.jpg 300w\" sizes=\"(max-width: 530px) 100vw, 530px\" \/><\/div>\n<\/td>\n<\/tr>\n<\/tbody>\n<\/table>\n","protected":false},"excerpt":{"rendered":"<p>Vocation ANCHORAGE &amp; Co. est un Cabinet d&rsquo;Accompagnement Professionnel en Conduite du Changement,\u00a0dont les Coachs accompagnent la croissance des personnes et des \u00e9quipes dans leurs entreprises. Ambition Devant l&rsquo;accroissement des besoins rencontr\u00e9s et des demandes exprim\u00e9es depuis bient\u00f4t 20 ans, signes d&rsquo;un fort potentiel et d&rsquo;une grande vitalit\u00e9 \u00e9conomiques, l&rsquo;ambition que nous formulons est que [&hellip;]<\/p>\n","protected":false},"author":1,"featured_media":0,"parent":0,"menu_order":1,"comment_status":"open","ping_status":"closed","template":"","meta":[],"_links":{"self":[{"href":"https:\/\/www.anchorageco.com\/index.php?rest_route=\/wp\/v2\/pages\/320"}],"collection":[{"href":"https:\/\/www.anchorageco.com\/index.php?rest_route=\/wp\/v2\/pages"}],"about":[{"href":"https:\/\/www.anchorageco.com\/index.php?rest_route=\/wp\/v2\/types\/page"}],"author":[{"embeddable":true,"href":"https:\/\/www.anchorageco.com\/index.php?rest_route=\/wp\/v2\/users\/1"}],"replies":[{"embeddable":true,"href":"https:\/\/www.anchorageco.com\/index.php?rest_route=%2Fwp%2Fv2%2Fcomments&post=320"}],"version-history":[{"count":5,"href":"https:\/\/www.anchorageco.com\/index.php?rest_route=\/wp\/v2\/pages\/320\/revisions"}],"predecessor-version":[{"id":494,"href":"https:\/\/www.anchorageco.com\/index.php?rest_route=\/wp\/v2\/pages\/320\/revisions\/494"}],"wp:attachment":[{"href":"https:\/\/www.anchorageco.com\/index.php?rest_route=%2Fwp%2Fv2%2Fmedia&parent=320"}],"curies":[{"name":"wp","href":"https:\/\/api.w.org\/{rel}","templated":true}]}}