{"id":36,"date":"2012-04-15T02:31:44","date_gmt":"2012-04-15T02:31:44","guid":{"rendered":"http:\/\/www.anchorageco.com\/?page_id=36"},"modified":"2018-11-29T11:52:31","modified_gmt":"2018-11-29T10:52:31","slug":"notre-equipe","status":"publish","type":"page","link":"https:\/\/www.anchorageco.com\/?page_id=36","title":{"rendered":"Notre \u00e9quipe"},"content":{"rendered":"<h2>Notre \u00e9quipe<\/h2>\n<p><img decoding=\"async\" loading=\"lazy\" class=\"alignright size-full wp-image-357\" title=\"qui\" src=\"http:\/\/s500801294.onlinehome.fr\/wp-content\/uploads\/2012\/04\/qui.jpg\" alt=\"\" width=\"150\" height=\"100\" \/>A <strong>dimension humaine<\/strong>, notre \u00e9quipe se constitue essentiellement de <strong>Coachs<\/strong>\u00a0<strong>artisans partenaires<\/strong>, voire d\u2019artistes (pour certains en devenir !) qui fonctionnent, en <strong>r\u00e9seau<\/strong>, comme des Compagnons d\u2019autrefois :<\/p>\n<p>Elle est compos\u00e9e de Consultants RH \/ Coachs ayant leur propre structure (coaching et d\u00e9veloppement personnel obligent), ind\u00e9pendants exer\u00e7ant seuls ou associ\u00e9s de Cabinets, intervenant chacun \u00e0 sa fa\u00e7on, avec son \u00ab tour de mains \u00bb unique et sp\u00e9cifique et ses propres outils, (dont beaucoup sont tout de m\u00eame communs).<\/p>\n<p>Sollicit\u00e9s en tant que de besoin, seuls ou en bin\u00f4mes (dans le cas d\u2019animations collectives, particuli\u00e8rement en coaching d\u2019\u00e9quipe), ils travaillent tous dans le m\u00eame \u00e9tat d\u2019esprit et en s\u2019appuyant sur des valeurs fondamentales identiques : <strong>au service du d\u00e9veloppement de la PERSONNE, de l\u2019HUMAIN, dans ses entreprises\u2026<\/strong><\/p>\n","protected":false},"excerpt":{"rendered":"<p>Notre \u00e9quipe A dimension humaine, notre \u00e9quipe se constitue essentiellement de Coachs\u00a0artisans partenaires, voire d\u2019artistes (pour certains en devenir !) qui fonctionnent, en r\u00e9seau, comme des Compagnons d\u2019autrefois : Elle est compos\u00e9e de Consultants RH \/ Coachs ayant leur propre structure (coaching et d\u00e9veloppement personnel obligent), ind\u00e9pendants exer\u00e7ant seuls ou associ\u00e9s de Cabinets, intervenant chacun [&hellip;]<\/p>\n","protected":false},"author":1,"featured_media":0,"parent":320,"menu_order":0,"comment_status":"closed","ping_status":"closed","template":"","meta":[],"_links":{"self":[{"href":"https:\/\/www.anchorageco.com\/index.php?rest_route=\/wp\/v2\/pages\/36"}],"collection":[{"href":"https:\/\/www.anchorageco.com\/index.php?rest_route=\/wp\/v2\/pages"}],"about":[{"href":"https:\/\/www.anchorageco.com\/index.php?rest_route=\/wp\/v2\/types\/page"}],"author":[{"embeddable":true,"href":"https:\/\/www.anchorageco.com\/index.php?rest_route=\/wp\/v2\/users\/1"}],"replies":[{"embeddable":true,"href":"https:\/\/www.anchorageco.com\/index.php?rest_route=%2Fwp%2Fv2%2Fcomments&post=36"}],"version-history":[{"count":2,"href":"https:\/\/www.anchorageco.com\/index.php?rest_route=\/wp\/v2\/pages\/36\/revisions"}],"predecessor-version":[{"id":488,"href":"https:\/\/www.anchorageco.com\/index.php?rest_route=\/wp\/v2\/pages\/36\/revisions\/488"}],"up":[{"embeddable":true,"href":"https:\/\/www.anchorageco.com\/index.php?rest_route=\/wp\/v2\/pages\/320"}],"wp:attachment":[{"href":"https:\/\/www.anchorageco.com\/index.php?rest_route=%2Fwp%2Fv2%2Fmedia&parent=36"}],"curies":[{"name":"wp","href":"https:\/\/api.w.org\/{rel}","templated":true}]}}