{"id":34,"date":"2012-04-15T02:27:06","date_gmt":"2012-04-15T02:27:06","guid":{"rendered":"http:\/\/www.anchorageco.com\/?page_id=34"},"modified":"2012-04-15T02:27:06","modified_gmt":"2012-04-15T02:27:06","slug":"notre-deontologie","status":"publish","type":"page","link":"https:\/\/www.anchorageco.com\/?page_id=34","title":{"rendered":"Notre d\u00e9ontologie"},"content":{"rendered":"<h2><strong>Notre d\u00e9ontologie\u00a0<\/strong>au service de vos Collaborateurs<\/h2>\n<p><strong><span style=\"font-size: 16px;\"><img decoding=\"async\" loading=\"lazy\" class=\"alignright size-full wp-image-354\" title=\"deontologie\" src=\"http:\/\/s500801294.onlinehome.fr\/wp-content\/uploads\/2012\/04\/deontologie.jpg\" alt=\"\" width=\"150\" height=\"100\" \/>Ecoute<\/span><\/strong> active et empathique, en \u00ab\u00a0Veille Strat\u00e9gique\u00a0\u00bb<\/p>\n<p><strong><span style=\"font-size: 16px;\">Transparence<\/span><\/strong> des objectifs clairement d\u00e9finis<\/p>\n<p><strong><span style=\"font-size: 16px;\">Confidentialit\u00e9<\/span><\/strong> due au secret professionnel<\/p>\n<p><span style=\"font-size: 16px;\"><strong>Professionnalisme<\/strong><\/span> d\u2019une garantie de moyens :<\/p>\n<ul>\n<li>Mise en \u0153uvre des stricts outils n\u00e9cessaires<\/li>\n<li>D\u00e9veloppement r\u00e9gulier des coachs par supervision<\/li>\n<\/ul>\n<p><span style=\"font-size: 16px;\"><strong>Personnalisation<\/strong><\/span> de chaque d\u00e9marche r\u00e9alis\u00e9e <span style=\"font-size: 16px;\"><strong>sur-mesure<\/strong><\/span>, selon le besoin des clients-acteurs<\/p>\n","protected":false},"excerpt":{"rendered":"<p>Notre d\u00e9ontologie\u00a0au service de vos Collaborateurs Ecoute active et empathique, en \u00ab\u00a0Veille Strat\u00e9gique\u00a0\u00bb Transparence des objectifs clairement d\u00e9finis Confidentialit\u00e9 due au secret professionnel Professionnalisme d\u2019une garantie de moyens : Mise en \u0153uvre des stricts outils n\u00e9cessaires D\u00e9veloppement r\u00e9gulier des coachs par supervision Personnalisation de chaque d\u00e9marche r\u00e9alis\u00e9e sur-mesure, selon le besoin des clients-acteurs<\/p>\n","protected":false},"author":1,"featured_media":0,"parent":320,"menu_order":0,"comment_status":"closed","ping_status":"closed","template":"","meta":[],"_links":{"self":[{"href":"https:\/\/www.anchorageco.com\/index.php?rest_route=\/wp\/v2\/pages\/34"}],"collection":[{"href":"https:\/\/www.anchorageco.com\/index.php?rest_route=\/wp\/v2\/pages"}],"about":[{"href":"https:\/\/www.anchorageco.com\/index.php?rest_route=\/wp\/v2\/types\/page"}],"author":[{"embeddable":true,"href":"https:\/\/www.anchorageco.com\/index.php?rest_route=\/wp\/v2\/users\/1"}],"replies":[{"embeddable":true,"href":"https:\/\/www.anchorageco.com\/index.php?rest_route=%2Fwp%2Fv2%2Fcomments&post=34"}],"version-history":[{"count":0,"href":"https:\/\/www.anchorageco.com\/index.php?rest_route=\/wp\/v2\/pages\/34\/revisions"}],"up":[{"embeddable":true,"href":"https:\/\/www.anchorageco.com\/index.php?rest_route=\/wp\/v2\/pages\/320"}],"wp:attachment":[{"href":"https:\/\/www.anchorageco.com\/index.php?rest_route=%2Fwp%2Fv2%2Fmedia&parent=34"}],"curies":[{"name":"wp","href":"https:\/\/api.w.org\/{rel}","templated":true}]}}